{"id":222923,"date":"2026-04-23T17:40:03","date_gmt":"2026-04-23T14:40:03","guid":{"rendered":"https:\/\/tablosan.com\/?post_type=product&#038;p=222923"},"modified":"2026-04-23T17:43:05","modified_gmt":"2026-04-23T14:43:05","slug":"ataturk-ve-maresal-fevzi-cakmak-cerceveli-mdf-tablo-ma02030-35x50-cm","status":"publish","type":"product","link":"https:\/\/tablosan.com\/index.php\/urun\/ataturk-ve-maresal-fevzi-cakmak-cerceveli-mdf-tablo-ma02030-35x50-cm\/","title":{"rendered":"Atat\u00fcrk Ve Mare\u015fal Fevzi \u00c7akmak \u00c7er\u00e7eveli Mdf Tablo MA02030 35&#215;50 cm"},"content":{"rendered":"<div class=\"wpb-content-wrapper\"><p>[vc_row][vc_column][vc_column_text css=&#8221;&#8221; woodmart_inline=&#8221;no&#8221; text_larger=&#8221;no&#8221;]<\/p>\n<ul>\n<li style=\"list-style-type: none;\"><\/li>\n<\/ul>\n<ul>\n<li style=\"list-style-type: none;\">\n<ul>\n<li>3 mm mdf \u00fczerine yap\u0131lan bask\u0131 ile ger\u00e7ek\u00e7i sonu\u00e7 ve kaliteli g\u00f6r\u00fcn\u00fcm elde edilmektedir. 2&#215;3 cm&#8217;lik \u00e7er\u00e7evesi ile dayan\u0131kl\u0131, hafif ve uzun \u00f6m\u00fcrl\u00fcd\u00fcr.<\/li>\n<\/ul>\n<\/li>\n<\/ul>\n<ul>\n<li style=\"list-style-type: none;\">\n<ul>\n<li>\u00c7er\u00e7evelerin arkas\u0131 kapat\u0131larak \u00e7elik ask\u0131 sistemi ile tamamlanmaktad\u0131r. B\u00f6ylelikle temiz ve \u015f\u0131k bir g\u00f6r\u00fcn\u00fcm kazanmaktad\u0131r.<\/li>\n<li>Kullan\u0131lan kaliteli malzemeler sayesinde y\u0131llarca rengini korur, solma yapmaz. Tablonuzun \u00f6mr\u00fcn\u00fc uzatmak i\u00e7in nemsiz, havadar bir ortamda, \u0131s\u0131 kaynaklar\u0131ndan uzakta olmas\u0131na ve direkt g\u00fcne\u015f \u0131\u015f\u0131\u011f\u0131na maruz kalmamas\u0131na dikkat ediniz.<\/li>\n<\/ul>\n<\/li>\n<\/ul>\n<p>[\/vc_column_text][\/vc_column][\/vc_row]<\/p>\n<\/div>","protected":false},"excerpt":{"rendered":"<p><strong>Kaliteli Malzeme | % 100 M\u00fc\u015fteri Memnuniyeti<\/strong><\/p>\n","protected":false},"featured_media":86627,"template":"","meta":[],"product_brand":[],"product_cat":[3372,3375],"product_tag":[299,332,97,80,331,96,330,98],"class_list":{"0":"post-222923","1":"product","2":"type-product","3":"status-publish","4":"has-post-thumbnail","6":"product_cat-kampanyali-tablolar","7":"product_cat-mdf","8":"product_tag-ataturk","9":"product_tag-cakmak","10":"product_tag-cam-tablo","11":"product_tag-dikey","12":"product_tag-fevzi","13":"product_tag-kanvas-tablo","14":"product_tag-maresal","15":"product_tag-mdf-tablo","16":"product_shipping_class-standart-kargo-80","18":"first","19":"instock","20":"sale","21":"sold-individually","22":"taxable","23":"shipping-taxable","24":"purchasable","25":"product-type-simple"},"_links":{"self":[{"href":"https:\/\/tablosan.com\/index.php\/wp-json\/wp\/v2\/product\/222923","targetHints":{"allow":["GET"]}}],"collection":[{"href":"https:\/\/tablosan.com\/index.php\/wp-json\/wp\/v2\/product"}],"about":[{"href":"https:\/\/tablosan.com\/index.php\/wp-json\/wp\/v2\/types\/product"}],"wp:featuredmedia":[{"embeddable":true,"href":"https:\/\/tablosan.com\/index.php\/wp-json\/wp\/v2\/media\/86627"}],"wp:attachment":[{"href":"https:\/\/tablosan.com\/index.php\/wp-json\/wp\/v2\/media?parent=222923"}],"wp:term":[{"taxonomy":"product_brand","embeddable":true,"href":"https:\/\/tablosan.com\/index.php\/wp-json\/wp\/v2\/product_brand?post=222923"},{"taxonomy":"product_cat","embeddable":true,"href":"https:\/\/tablosan.com\/index.php\/wp-json\/wp\/v2\/product_cat?post=222923"},{"taxonomy":"product_tag","embeddable":true,"href":"https:\/\/tablosan.com\/index.php\/wp-json\/wp\/v2\/product_tag?post=222923"}],"curies":[{"name":"wp","href":"https:\/\/api.w.org\/{rel}","templated":true}]}}